8*j + 21. What is the units digit of c(-17)?
9
Let h = -82 - -193. What is the hundreds digit of h?
1
Suppose -m + 0 = -9. What is the units digit of m?
9
Let m = -7 - -27. Suppose g - 3*g = -m. What is the units digit of g?
0
Let l(h) = -h**2 - 18*h + 8. Suppose 3*a + 2*o + 58 = 0, -a + 5*o - 26 = a. What is the units digit of l(a)?
8
Suppose -3*d + 0*d = 3. Let s(z) = -11*z**3 - z. What is the units digit of s(d)?
2
Suppose 0 = -t - 8 + 35. What is the units digit of t?
7
Let j(w) = w**2 - 3*w + 5. Let v(q) = -q**2 + 3*q - 6. Let a = 6 + -1. Let f(p) = a*j(p) + 4*v(p). What is the tens digit of f(5)?
1
Let b be 4/(-22) + (-136)/(-22). Suppose -b*q + 208 = -2*q. What is the tens digit of q?
5
What is the units digit of 32 + (-9)/(-3) - -1?
6
Suppose -5*t + g + 325 = 5*g, 4*t - g - 281 = 0. What is the tens digit of t?
6
Let v(l) = 2*l - 4*l**2 + 1 + 4*l**3 - l - 3*l**3. Let q be v(4). Let c(j) = -j + 6. What is the units digit of c(q)?
1
Let z(f) = 2*f**3 - 5*f**2 + 4*f - 10. What is the tens digit of z(4)?
5
What is the hundreds digit of (-1)/(2156/2896 - (-6)/(-8))?
1
Let c = -4 + 7. What is the units digit of 7*(c - (2 + -2))?
1
Suppose -4*v - b = -22, 14 = 2*v - 3*b + 2*b. Suppose -4*x = -v*x + 36. What is the tens digit of x?
1
Let a be (-4)/8*-6 + -6. What is the units digit of 4/(a/(-6)*2)?
4
Let h be 2/(3 + 1)*4. Suppose o = -h*o + 15. What is the units digit of o?
5
Let i(h) = h**3 + 7*h**2 + 5*h + 6. Let p be i(-5). Let f = p + -18. Suppose c + 3*s = f, 0*c - 3*s + 15 = 3*c. What is the units digit of c?
1
Let h be (-215)/6 - 9/54. Let a = h + 54. What is the units digit of a?
8
Let z = 217 + -107. What is the tens digit of z?
1
What is the tens digit of 302 - (-1 - -5) - 2?
9
Suppose -3*h + 4*v + 3 = 3*v, 0 = 3*h - 2*v. Let a = h + 2. Suppose 0 = -a*k - 0*k + 36. What is the units digit of k?
9
Let l(p) = 14*p**2 + 7*p + 21. What is the units digit of l(-5)?
6
Suppose 7*c + 9 = 4*c. What is the units digit of (-27)/(-18)*(-88)/c?
4
Let l = 6 - 4. Suppose 0 = -3*d + 9, -l*d - 6 - 3 = -3*j. What is the units digit of j?
5
Suppose -3*u = -4*u. Suppose u = 3*t + d - 15 - 29, -t + 4*d + 6 = 0. What is the units digit of t?
4
Let z(m) be the third derivative of 7*m**5/60 + m**4/12 - m**3/3 - 6*m**2. What is the units digit of z(1)?
7
Let d(p) = -p + 8. Let c be d(6). Suppose c*y = 3*l - 22, 2*l - 13 = -0*l + 3*y. What is the units digit of l?
8
Suppose -5*b = 4*o - 27, o + 3*b - 6 = 2*o. What is the tens digit of -10*(-3 - -2) + o?
1
Let t(k) = -k**2 - 8*k. Let x be t(-6). What is the tens digit of ((-45)/x)/(2/(-8))?
1
Let o = -20 + 20. Let v(s) = -s**3 - s**2 + 7. What is the units digit of v(o)?
7
Let v = -6 - -12. Suppose 5*x = 2*j + 9, -2*j - 3*x - 7 = -v*x. What is the units digit of j*1 + -1 + 5?
2
Let p(d) = -5*d - 1. Let k be p(2). Let h = k + 28. What is the tens digit of h?
1
Let p be ((-16)/10)/((-6)/15). Suppose d = -3*m + 21, p*d - 4*m = -12 + 48. What is the units digit of d?
2
Let b be -2 + (12 - 0 - 1). Let j = -5 - -9. Suppose -j*w - 15 = -b*w. What is the units digit of w?
3
Suppose 5*m = -3*y + 39 - 14, 15 = 3*m + y. Let l = m - 0. Suppose 0 = 3*i - l + 2. What is the units digit of i?
1
Let x = 6 - -1. Let r be (-2)/x - 60/(-14). Suppose -z = 5*u - 21, 3 = r*z - 5*u - 6. What is the units digit of z?
6
Suppose 24 = m + 2*m. Suppose 4*c = m*c. What is the units digit of 17 - (c/(-3))/(-2)?
7
Let w(v) = -2*v**3 + 2*v**2 - 1. Let m be w(-1). Suppose -2*l = -m*l. Suppose 2*n = 2*y - 22, -2*n = -4*y - l*n + 46. What is the units digit of y?
2
Let t = -58 - -102. What is the units digit of t?
4
Let l be 1/2 - 42/(-12). What is the units digit of 18/12 + (-2)/l?
1
Let g be -4*6*(3 + -4). Suppose -3*r - 3 = 0, -3*r = 5*y + r + g. Let i = y + 14. What is the tens digit of i?
1
Suppose 6*t = 369 + 741. What is the hundreds digit of t?
1
Suppose 15 = 5*l - 0*l. Suppose 2*k - 3*h - 5 = 0, -3*k + 4 = -5*h - l. What is the units digit of k?
4
Suppose -89 = 24*w - 25*w. What is the units digit of w?
9
Let u(y) = -29*y**3 - 2*y - 1. What is the tens digit of u(-1)?
3
Let r be ((-12)/(-16))/(2/8). Suppose 5*o - r*o = 10. What is the units digit of o?
5
Let d(o) = -2 + 0*o**2 + 3*o + 3*o**2 - 9*o - 2*o**2. What is the tens digit of d(8)?
1
Let c = 0 - -5. Suppose -c*j = -j - 16, -4*z + 5*j + 92 = 0. Suppose 113 - z = 5*h. What is the units digit of h?
7
Let r = 7 + -6. Let o = 4 - r. Suppose -16 = -o*a + a. What is the units digit of a?
8
Let y = -1 - -3. What is the tens digit of (13/2)/(1/y)?
1
Suppose 3*t = 74 + 40. What is the units digit of t?
8
Let v(c) = 4*c + 1. Let m be v(2). Let a = -2 + 0. What is the units digit of (a + 4)*m/6?
3
What is the hundreds digit of (-11)/(-33) - (880/(-6) - -2)?
1
Let y(h) = 4*h**2 + 2*h. Let a be (-2)/((-4 - -2) + 1). Let x be y(a). Suppose 5*g = x + 5. What is the units digit of g?
5
Let i(q) = 4*q**2. Let h = -13 - -15. What is the units digit of i(h)?
6
Suppose 0 = 2*t - t + v - 9, -5*t = -5*v + 5. What is the units digit of t?
4
Let k be 19/7 + 14/49. Let v(b) = -b + 5. What is the units digit of v(k)?
2
Let n(o) = 14*o**2 - o - 2. Let h be n(-1). Let r = -12 + h. What is the units digit of r?
1
Suppose -2*y = -4*o + 860, -832 = -4*o + y - 6*y. What is the tens digit of o?
1
Let s = 4 + -8. Let h be (-29)/(-4) - (-6)/(-24). Let n = h + s. What is the units digit of n?
3
Suppose o - 8 + 9 = 0. Let a(m) = -2*m**3 - 2*m - 1. Let g be a(o). Suppose g*n - 27 = -3*c, 5 + 4 = n + 2*c. What is the units digit of n?
9
Let f(j) = -17*j**3 + 2*j**2 - 5*j - 9. What is the hundreds digit of f(-2)?
1
Let u(q) = -q**3 - 3*q**2 + 2. Let r be u(-3). What is the units digit of (-18)/(-4) + r/(-4)?
4
Let w(k) = -2 + 1 - k + 8*k**2 + 2*k + 3 + k**3. Let l be w(-8). What is the units digit of (27/l)/(3/(-4))?
6
Suppose 0 = 5*o - t + 5*t - 241, -5 = 5*t. Let w = 81 - o. Suppose -10 - w = -3*v. What is the tens digit of v?
1
Let t(v) = -5*v + 4 + 3*v - 4*v**2 + v**2. Let c be t(-4). What is the units digit of 1/2*(2 - c)?
9
Let i(x) = -x**2 + 6*x - 4. Let g be i(5). Let r be (3/(-5))/(g/(-5)). What is the units digit of 2 - (-1)/(r/6)?
4
Let j = 16 - 69. Let b = -22 - j. What is the tens digit of b?
3
What is the tens digit of (1 + -24)/((-40)/36 - -1)?
0
Suppose 6*u - 90 = 288. What is the tens digit of u?
6
Let o = 19 - 10. Let i(y) = y**3 - 8*y**2 - 10*y + 11. Let h be i(o). Suppose 5*l = h*l + 21. What is the units digit of l?
7
Suppose -6*y = -9*y + 1227. What is the tens digit of y?
0
Suppose 2*v + 2*v = 2*m - 48, -3*m + 4*v + 74 = 0. Let b = m + -16. What is the units digit of b?
0
Suppose -5*h + 6*h = 9. Suppose 63 = 2*k + h. What is the tens digit of k?
2
Let a = -7 - 0. Let d be (1/2)/(a/(-70)). Suppose -16 = -d*k + k. What is the units digit of k?
4
Let d(u) = -u + 6. Let z be d(5). What is the units digit of 5/((-2)/(-6)*z)?
5
Let i(l) = -3 + 1 + 0 + 5*l. Let r(f) = f - 1. Let q(d) = -i(d) + 3*r(d). What is the units digit of q(-2)?
3
Let o = 22 + -24. What is the units digit of (-764)/(-36) - o/(-9)?
1
Suppose -5*f + 0*x + 12 = x, 0 = 4*f + x - 9. Let u be ((-18)/5)/(6/(-20)). Suppose 0 = -4*p + f*p + u. What is the units digit of p?
2
Let i be (-2)/9 - (-12)/54. Suppose -w + 4*t + 29 = 2*w, i = -w + 3*t + 18. Suppose 0 = -2*g - w*g + 25. What is the units digit of g?
5
Let s be 4/(-6) - 12/(-18). Suppose s = -0*a + 2*a - 4. Suppose -p + 2*b + 6 = -3, 0 = a*p + b - 3. What is the units digit of p?
3
Suppose -5*c - 5 = -4*j, -2*j - 2*c = -4*j + 4. Suppose 0 = -4*z + 6*z - 8. Suppose 30 = j*p + z*i - 20, 2*i = 10. What is the units digit of p?
6
Suppose v - 7 = -v - j, -j - 1 = -2*v. Let z be v - (-3 + 0 + 2). What is the tens digit of z*(-14)/(-12)*4?
1
Let l(j) = -j**2 - 4*j + 3. Let h be l(-3). Suppose r - h = 1. Let g = r + 2. What is the units digit of g?
9
Let u(r) = r**2 + 9*r + 11. Let a be u(-8). Suppose 7*v = 2*v - 20, a*x + 4*v = -22. Let g = 9 + x. What is the units digit of g?
7
Let b be 3/(9/51) + 0. Suppose -3*v + 7 = -b. What is the units digit of v?
8
Let w be 12/16 - 27/(-12). Suppose w*m = 5*c - 231, 3*c + m - 99 = c. What is the units digit of c?
8
Let k = 8 - 6. Suppose -5*v = -2*h - 3*h - 15, -5*h - 12 = -k*v. What is the units digit of v?
1
Let q be 1/(0 - (-1)/2). Suppose 1